-24. Suppose -61 = -t + 4*g, t + t + 2*g = 172. Suppose t = 2*d - 35. Calculate the remainder when d is divided by x.
10
What is the remainder when (334482/428)/(-1 - 5*(-2)/4) is divided by 23?
15
Suppose l - 8924 = -37*l - 59*l. What is the remainder when 729 is divided by l?
85
Let t = -3552 + 3763. What is the remainder when t is divided by 157?
54
Suppose -3*s - 70 = 5*h, 0*s - 2*s = -5*h - 70. Let w(g) = -2*g**2 - 27*g + 17. Suppose -5*t - 4 + 29 = 0. What is the remainder when t is divided by w(h)?
2
Let b = 1373 + -1201. What is the remainder when b is divided by 80?
12
Suppose -228*v + 24 = -220*v. Suppose -5*h - v*d = -2*h - 1467, -5*h = 4*d - 2449. What is the remainder when h is divided by 26?
25
Let l(i) = 21*i - 3. Let t(u) = -21*u + 2. Let c(z) = 6*l(z) + 7*t(z). Suppose -10*y = 17049 - 17199. Calculate the remainder when c(-5) is divided by y.
11
Let x(k) = -k**3 + 15*k**2 - 4*k + 196. What is the remainder when 1751 is divided by x(15)?
119
Suppose 37*a = 98*a - 71675. Calculate the remainder when a is divided by 581.
13
Suppose 69*t - 82*t = -386 + 61. Calculate the remainder when 41 is divided by t.
16
What is the remainder when 1 + (-10)/9 - 2786/(-126) is divided by 16?
6
Let m be (-10980)/(-63) - 6/21. Let l = -137 + m. Let f(w) = 22*w - 7. Calculate the remainder when f(7) is divided by l.
36
Let k(j) = -2*j**3 - 5*j - 5. Suppose 282 - 2882 = -65*x. Calculate the remainder when x is divided by k(-2).
19
Let q(z) = -z**2 + 59*z + 92. What is the remainder when 2747 is divided by q(52)?
11
Let v be (-15 - 16/(-2))/(-2 - -1). Suppose 12*s - v*s - 68 = 2*j, -3*s = 4*j - 46. Calculate the remainder when 44 is divided by s.
2
Let i(u) be the first derivative of u**2 - 24*u - 2. Let v be i(13). Suppose -p + 3*q = -14, -2*q = -0 - v. What is the remainder when 82 is divided by p?
14
Let o(i) = -i + 71. Let b = 1152 - 1143. What is the remainder when o(0) is divided by b?
8
Suppose 21*o + 5512 = 3*b + 17*o, -4*b = o - 7324. Calculate the remainder when b is divided by 13.
12
Let l(f) = -f**3 - 63*f**2 - 62*f + 10. Calculate the remainder when 256 is divided by l(-62).
6
Let r(p) = p**2 + 18*p - 112. Let b be r(-23). Suppose -15 = -w - 2*u, 10 = b*w - 4*w + 3*u. What is the remainder when 24 is divided by w?
4
Let o(g) = 20*g. Let v = -3004 + 3037. What is the remainder when v is divided by o(1)?
13
Suppose -3*d - z + 210 = 0, -z = -d + 66 + 4. Suppose 5906 = 26*o + 966. Let k = o + -182. What is the remainder when d is divided by k?
6
Let f(h) = 6*h**2 + 4*h + 7. Let d be (24/(-6) - -1) + 5. Suppose r + 3*g - 48 = 0, -d*r - 3*r = 3*g - 228. What is the remainder when f(5) is divided by r?
42
Let z be ((-2634)/9*-5)/(4/(-156)). What is the remainder when ((-4)/(-10))/((-52)/z) is divided by 10?
9
Suppose r + f - 10 = 4, -5*f = 3*r - 52. Calculate the remainder when (-403 - 1)*183/(-244) is divided by r.
6
Let r = 58 - 62. Let p be 0 - 1 - (5 + -1)/r. Suppose j + j - 190 = p. What is the remainder when j is divided by 7?
4
Let w = 264 - 375. Let c = w + 180. What is the remainder when c is divided by 18?
15
Suppose -3*p = 0, p + p - 746 = -2*j. What is the remainder when j is divided by 91?
9
Suppose -3*y - 4*g + 257 = 0, -2*g = 4*y - 3*y - 83. Calculate the remainder when 228 is divided by y.
46
Suppose i = -4*i + 335. What is the remainder when i is divided by 58*24/696 - (-66)/(-1 - -3)?
32
What is the remainder when 1/4*16/12*453 + 8 is divided by 11?
5
What is the remainder when 543 is divided by (-450)/(-10) - (-4 - -10)?
36
Suppose 2*c = -5*q + 116, -4*c = -4*q + 124 - 48. What is the remainder when 9831 is divided by q?
19
Suppose -138*v + 1365 = -153. Calculate the remainder when 862 is divided by v.
4
Let q(m) = -64*m - 2148. Let v = -370 + 620. What is the remainder when v is divided by q(-34)?
26
Let f(q) = 2*q**2 - 15*q + 8. Let j be (12/7)/(14/49). Let k be f(j). What is the remainder when 64 is divided by (94/(-24) + k/30)*-4?
13
Let f = -22 - -25. Suppose 2*w = 4*c - 14, 3*c - 23 = -f*w + 1. What is the remainder when (9/6)/((-3)/(-74)) + w is divided by 7?
5
Suppose -11*y = -84 - 983. Let d be (2 - 108/4 - -3)/2. Let h = d - -31. What is the remainder when y is divided by h?
17
Let y = 5612 - 5505. Calculate the remainder when 208 is divided by y.
101
Suppose 28*m + 186 = 31*m. Suppose 4*l - 313 = -2*y - 3*y, -y - l = -m. Calculate the remainder when y is divided by 24.
17
Suppose 5*b - 261 = 149. What is the remainder when (-9)/(27/12) + b is divided by 20?
18
Let w(s) be the second derivative of -s**5/20 - s**4/12 + s**3/2 + 5*s**2 + 4*s. Suppose -42 = 9*k - 6. Calculate the remainder when 135 is divided by w(k).
43
Let g(m) be the third derivative of 1/30*m**5 + 1/8*m**4 + 1/2*m**3 + 0*m + 5*m**2 + 0. What is the remainder when 22 is divided by g(-2)?
2
Let x(a) = 2*a - 28. Let m be x(11). Let s be (-18)/(-9*1/m). What is the remainder when 33 is divided by 33/44 - (123/s - -1)?
3
Let t be ((-979)/(-3) - -4) + (-18)/(-27). Suppose t = 4*r - 5*j, 2*j - 5*j - 167 = -2*r. What is the remainder when r is divided by 24?
7
Suppose c + 5*h + 21 + 8 = 0, -5*h = 25. What is the remainder when 102 is divided by c/14 - 14986/(-413)?
30
Suppose 15 = -5*f, 633 + 276 = 4*q - 3*f. Suppose -q*z - 114 = -227*z. What is the remainder when z is divided by 12?
9
What is the remainder when (-46257)/(-306) - (-28)/(-24) is divided by 81?
69
Let m(b) = -b**3 + 2*b + 4. Let x(o) = -9*o - 9. Let t be x(-6). What is the remainder when (-8)/(-6) + 30/t + 70 is divided by m(-3)?
22
Let s = -601 - -925. Let u = 476 - s. Suppose 345 + u = 7*i. What is the remainder when i is divided by 20?
11
Suppose 591 = -2*l + 2*x - 709, l - 2*x = -645. Let z = 797 + l. What is the remainder when z is divided by 51?
40
Let t = -335 - -375. What is the remainder when -4*355/t*2*-2 is divided by 48?
46
Let m be (0 + -2)*1472/(-128). Let i be 4/(-2)*(-1 + 0). Suppose 0*s - 26 = -s + i*b, -5*b + m = 3*s. Calculate the remainder when 46 is divided by s.
14
Suppose -4*k + 2*l + 174 = 0, 2*k - 3*l = k + 56. Suppose f - 473 - 671 = -r, 4*f - 4585 = -r. What is the remainder when f is divided by k?
40
Let r = -55 + 54. Let b be -7*10/15*3*r. Suppose 5*z - 59 + b = 0. What is the remainder when 25 is divided by z?
7
Let r = 173 + -139. Let q = r - 15. Calculate the remainder when 89 is divided by q.
13
Let m(w) = 3*w**2 + 34*w - 210. Suppose 2*x = -5*r + 106, 0*r + 5*r - 120 = 5*x. What is the remainder when r is divided by m(-16)?
8
Let r = 9776 - 8684. Calculate the remainder when r is divided by 219.
216
What is the remainder when -8*(-6)/96 + 16058/28 is divided by 235?
104
Suppose -5*p - 3*m + 9 = -2*m, 2*p - 3*m - 7 = 0. Suppose -384*f - 162 = -393*f. Suppose p*z = 5*z - f. Calculate the remainder when 23 is divided by z.
5
Let k = 4775 + -4384. What is the remainder when k is divided by 77?
6
Let t = -191 - -182. Let l(n) be the second derivative of n**3/3 + 21*n**2/2 - n. Calculate the remainder when l(t) is divided by 1.
0
Suppose -s = 3*u - 48, 7*u - 4*s - 42 = 6*u. What is the remainder when u is divided by 13?
5
Suppose -6*z + 4*z = -134. Let r = -36 - 37. Let j = r + 91. What is the remainder when z is divided by j?
13
Let d(a) = 4522*a**2 - 26*a - 24. What is the remainder when d(-1) is divided by 9?
6
Let k(m) = 5. Let s(d) = -d + 19. Let g(l) = -15*k(l) + 3*s(l). What is the remainder when 75 is divided by g(-15)?
21
Let p(a) = -718*a + 2027. What is the remainder when p(2) is divided by 76?
59
Let h(v) = 2*v + 129. Let f be h(-52). Suppose -f*o + 6796 = -1204. Calculate the remainder when o is divided by 107.
106
Let u be 2 + -7 - (-28 - -25). Calculate the remainder when 263 is divided by (16 - (-2 + 5)) + (u - 0).
10
Let j = 246 + 31. Let i = j - 270. Calculate the remainder when 67 is divided by i.
4
Suppose 20 = -11*q + 229. Suppose -q = -8*j + 7*j. What is the remainder when 64 is divided by j?
7
Let m be 1/(-4)*2 - (-12)/(-8). Let w(d) be the first derivative of -d**4/4 - d**2/2 - 1. Calculate the remainder when 39 is divided by w(m).
9
Suppose 5646 = 71*k - 2022. What is the remainder when k is divided by 37?
34
Suppose -3*w - 78 = -3*g, 5*w = g - 12 - 38. Calculate the remainder when 161 is divided by g.
1
Let y = 174 - 79. What is the